{"id":1399,"date":"2018-06-07T07:32:19","date_gmt":"2018-06-07T07:32:19","guid":{"rendered":"http:\/\/neu.leroi.de\/?page_id=1399"},"modified":"2026-04-15T09:20:40","modified_gmt":"2026-04-15T09:20:40","slug":"haendlershop","status":"publish","type":"page","link":"https:\/\/www.leroi.de\/?page_id=1399","title":{"rendered":"H\u00e4ndlershop"},"content":{"rendered":"<p>[et_pb_section fb_built=&#8220;1&#8243; _builder_version=&#8220;3.4&#8243;][et_pb_row _builder_version=&#8220;3.4&#8243;][et_pb_column type=&#8220;2_3&#8243; _builder_version=&#8220;3.4&#8243; parallax=&#8220;off&#8220; parallax_method=&#8220;on&#8220;][et_pb_text _builder_version=&#8220;3.4&#8243;]<\/p>\n<h2><\/h2>\n<h2><strong><\/strong><\/h2>\n<h2><strong>Sie wollen unsere Artikel weiterverkaufen?<\/strong><\/h2>\n<p>&nbsp;<\/p>\n<p>Als Fachh\u00e4ndler (z.B. Hundeschule oder Zoo-Fachgesch\u00e4ft) k\u00f6nnen Sie zu H\u00e4ndlerkonditionen bei uns einkaufen. Erstellen Sie dazu bitte zuerst ein Kundenkonto in unserem <a href=\"https:\/\/www.hundesachen.de\/account\/login\">H\u00e4ndlershop<\/a>.\u00a0<\/p>\n<p>Senden Sie uns danach den Gewerbenachweis via E-Mail:<span>\u00a0<\/span><a href=\"mailto:info@leroi.de\">info@leroi.de<\/a><\/p>\n<p>Unser Team pr\u00fcft diesen und schaltet Ihr H\u00e4ndlerkonto frei.\u00a0Nach erfolgreicher Pr\u00fcfung k\u00f6nnen Sie sich in Ihr Kundenkoto einloggen und finden alle Artikel mit Ihren H\u00e4ndlerpreise.\u00a0<\/p>\n<p>Bitte beachten Sie, dass wir nur Fachh\u00e4ndler aus dem Bereich Hundeausbildung \/ Hundezubeh\u00f6r beliefern k\u00f6nnen.<\/p>\n<p>&nbsp;<\/p>\n<p>[\/et_pb_text][\/et_pb_column][et_pb_column type=&#8220;1_3&#8243; _builder_version=&#8220;3.4&#8243; parallax=&#8220;off&#8220; parallax_method=&#8220;on&#8220;][et_pb_image src=&#8220;http:\/\/www.leroi.de\/wp-content\/uploads\/2018\/08\/leroi-Logo4.jpg&#8220; force_fullwidth=&#8220;on&#8220; _builder_version=&#8220;3.4&#8243;][\/et_pb_image][et_pb_button button_url=&#8220;https:\/\/www.hundesachen.de\/haendleranmeldung&#8220; url_new_window=&#8220;on&#8220; button_text=&#8220;zum H\u00e4ndlershop&#8220; button_alignment=&#8220;center&#8220; _builder_version=&#8220;3.4&#8243; custom_button=&#8220;on&#8220; button_border_color=&#8220;#9d9d9d&#8220; button_font=&#8220;||||||||&#8220; button_text_size_last_edited=&#8220;on|desktop&#8220;][\/et_pb_button][\/et_pb_column][\/et_pb_row][\/et_pb_section]<\/p>\n","protected":false},"excerpt":{"rendered":"<p>[et_pb_section fb_built=&#8220;1&#8243; _builder_version=&#8220;3.4&#8243;][et_pb_row _builder_version=&#8220;3.4&#8243;][et_pb_column type=&#8220;2_3&#8243; _builder_version=&#8220;3.4&#8243; parallax=&#8220;off&#8220; parallax_method=&#8220;on&#8220;][et_pb_text _builder_version=&#8220;3.4&#8243;] Sie wollen unsere Artikel weiterverkaufen? &nbsp; Als Fachh\u00e4ndler (z.B. Hundeschule oder Zoo-Fachgesch\u00e4ft) k\u00f6nnen Sie zu H\u00e4ndlerkonditionen bei uns einkaufen. Erstellen Sie dazu bitte zuerst ein Kundenkonto in unserem H\u00e4ndlershop.\u00a0 Senden Sie uns danach den Gewerbenachweis via E-Mail:\u00a0info@leroi.de Unser Team pr\u00fcft diesen und schaltet Ihr H\u00e4ndlerkonto frei.\u00a0Nach [&hellip;]<\/p>\n","protected":false},"author":1,"featured_media":0,"parent":0,"menu_order":0,"comment_status":"closed","ping_status":"closed","template":"","meta":{"footnotes":""},"class_list":["post-1399","page","type-page","status-publish","hentry"],"_links":{"self":[{"href":"https:\/\/www.leroi.de\/index.php?rest_route=\/wp\/v2\/pages\/1399","targetHints":{"allow":["GET"]}}],"collection":[{"href":"https:\/\/www.leroi.de\/index.php?rest_route=\/wp\/v2\/pages"}],"about":[{"href":"https:\/\/www.leroi.de\/index.php?rest_route=\/wp\/v2\/types\/page"}],"author":[{"embeddable":true,"href":"https:\/\/www.leroi.de\/index.php?rest_route=\/wp\/v2\/users\/1"}],"replies":[{"embeddable":true,"href":"https:\/\/www.leroi.de\/index.php?rest_route=%2Fwp%2Fv2%2Fcomments&post=1399"}],"version-history":[{"count":11,"href":"https:\/\/www.leroi.de\/index.php?rest_route=\/wp\/v2\/pages\/1399\/revisions"}],"predecessor-version":[{"id":2030,"href":"https:\/\/www.leroi.de\/index.php?rest_route=\/wp\/v2\/pages\/1399\/revisions\/2030"}],"wp:attachment":[{"href":"https:\/\/www.leroi.de\/index.php?rest_route=%2Fwp%2Fv2%2Fmedia&parent=1399"}],"curies":[{"name":"wp","href":"https:\/\/api.w.org\/{rel}","templated":true}]}}