{"id":1408,"date":"2018-06-07T07:43:52","date_gmt":"2018-06-07T07:43:52","guid":{"rendered":"http:\/\/neu.leroi.de\/?page_id=1408"},"modified":"2021-12-05T15:51:16","modified_gmt":"2021-12-05T15:51:16","slug":"startseite","status":"publish","type":"page","link":"https:\/\/www.leroi.de\/","title":{"rendered":"Home"},"content":{"rendered":"<p>[et_pb_section fb_built=&#8220;1&#8243; admin_label=&#8220;section&#8220; _builder_version=&#8220;3.0.47&#8243;][et_pb_row _builder_version=&#8220;3.4&#8243;][et_pb_column type=&#8220;4_4&#8243; _builder_version=&#8220;3.4&#8243; parallax=&#8220;off&#8220; parallax_method=&#8220;on&#8220;][et_pb_image src=&#8220;https:\/\/www.leroi.de\/wp-content\/uploads\/2019\/07\/Header-Leroide-neu-2019-7.jpg&#8220; _builder_version=&#8220;3.4&#8243;][\/et_pb_image][\/et_pb_column][\/et_pb_row][et_pb_row _builder_version=&#8220;3.4&#8243;][et_pb_column type=&#8220;4_4&#8243; _builder_version=&#8220;3.4&#8243; parallax=&#8220;off&#8220; parallax_method=&#8220;on&#8220;][et_pb_text _builder_version=&#8220;3.4&#8243;]<\/p>\n<h1><strong>\u00dcber die Leroi GmbH<\/strong><\/h1>\n<p>Die Leroi GmbH ist der Betreiber unterschiedlicher Online-Shops rund um das Thema Hund. In diesen Shops finden unter anderem Hundeliebhaber, Hundesportler, J\u00e4ger und Diensthundef\u00fchrer alles f\u00fcr ihren vierbeinigen Begleiter.<\/p>\n<h3><strong>Historie<\/strong><\/h3>\n<p>Die Leroi GmbH hat sich aus einem Einzelhandel f\u00fcr Jagd- und Sportwaffen entwickelt (Sportartikel K\u00f6nig GmbH). 1998 haben wir den Bereich Jagdhundeausbildung entdeckt und stetig weiter ausgebaut. 2002 wurde die Firma Innotek Service in unser Unternehmen eingegliedert. Der Grundstein f\u00fcr den Bereich Sporthund war gelegt.<br \/>\nAufgrund st\u00e4ndig sinkender Ums\u00e4tze und dem zunehmenden Preiskampf im Waffenbereich haben wir uns 2005 dazu entschlossen, diesen Bereich einzustellen und uns noch mehr auf das Segment Hunde zu konzentrieren. Seit dem 1. Januar 2006 ist Florian K\u00f6nig als Gesch\u00e4ftsf\u00fchrer in der Unternehmensleitung.<br \/>\n[\/et_pb_text][\/et_pb_column][\/et_pb_row][et_pb_row _builder_version=&#8220;3.4&#8243;][et_pb_column type=&#8220;4_4&#8243; _builder_version=&#8220;3.4&#8243; parallax=&#8220;off&#8220; parallax_method=&#8220;on&#8220;][et_pb_text _builder_version=&#8220;3.4&#8243;]<\/p>\n<h3><strong>Philosophie<\/strong><\/h3>\n<p>Unsere Heimat ist ganz klar der deutsche Markt. Hier kennen wir uns aus und f\u00fchlen uns wohl. Da wir aber immer mehr Anfragen von internationalen Kunden erhalten haben, wurde eine Exportabteilung gegr\u00fcndet. Unsere Kataloge und Internetseiten sind seitdem auch auf Englisch verf\u00fcgbar. Muttersprachlich englische Kollegen helfen unseren internationalen Kunden gerne weiter.<\/p>\n<p>Und die Zukunft?<\/p>\n<p>Die Leroi GmbH w\u00e4chst stetig weiter. Wir haben viele Projekte &#8222;in der Schublade&#8220; &#8211; Sie d\u00fcrfen gespannt sein!<br \/>\n[\/et_pb_text][\/et_pb_column][\/et_pb_row][\/et_pb_section]<\/p>\n","protected":false},"excerpt":{"rendered":"<p>[et_pb_section fb_built=&#8220;1&#8243; admin_label=&#8220;section&#8220; _builder_version=&#8220;3.0.47&#8243;][et_pb_row _builder_version=&#8220;3.4&#8243;][et_pb_column type=&#8220;4_4&#8243; _builder_version=&#8220;3.4&#8243; parallax=&#8220;off&#8220; parallax_method=&#8220;on&#8220;][et_pb_image src=&#8220;https:\/\/www.leroi.de\/wp-content\/uploads\/2019\/07\/Header-Leroide-neu-2019-7.jpg&#8220; _builder_version=&#8220;3.4&#8243;][\/et_pb_image][\/et_pb_column][\/et_pb_row][et_pb_row _builder_version=&#8220;3.4&#8243;][et_pb_column type=&#8220;4_4&#8243; _builder_version=&#8220;3.4&#8243; parallax=&#8220;off&#8220; parallax_method=&#8220;on&#8220;][et_pb_text _builder_version=&#8220;3.4&#8243;] \u00dcber die Leroi GmbH Die Leroi GmbH ist der Betreiber unterschiedlicher Online-Shops rund um das Thema Hund. In diesen Shops finden unter anderem Hundeliebhaber, Hundesportler, J\u00e4ger und Diensthundef\u00fchrer alles f\u00fcr ihren vierbeinigen Begleiter. Historie Die Leroi GmbH hat [&hellip;]<\/p>\n","protected":false},"author":1,"featured_media":0,"parent":0,"menu_order":0,"comment_status":"closed","ping_status":"closed","template":"","meta":{"footnotes":""},"class_list":["post-1408","page","type-page","status-publish","hentry"],"_links":{"self":[{"href":"https:\/\/www.leroi.de\/index.php?rest_route=\/wp\/v2\/pages\/1408","targetHints":{"allow":["GET"]}}],"collection":[{"href":"https:\/\/www.leroi.de\/index.php?rest_route=\/wp\/v2\/pages"}],"about":[{"href":"https:\/\/www.leroi.de\/index.php?rest_route=\/wp\/v2\/types\/page"}],"author":[{"embeddable":true,"href":"https:\/\/www.leroi.de\/index.php?rest_route=\/wp\/v2\/users\/1"}],"replies":[{"embeddable":true,"href":"https:\/\/www.leroi.de\/index.php?rest_route=%2Fwp%2Fv2%2Fcomments&post=1408"}],"version-history":[{"count":23,"href":"https:\/\/www.leroi.de\/index.php?rest_route=\/wp\/v2\/pages\/1408\/revisions"}],"predecessor-version":[{"id":1978,"href":"https:\/\/www.leroi.de\/index.php?rest_route=\/wp\/v2\/pages\/1408\/revisions\/1978"}],"wp:attachment":[{"href":"https:\/\/www.leroi.de\/index.php?rest_route=%2Fwp%2Fv2%2Fmedia&parent=1408"}],"curies":[{"name":"wp","href":"https:\/\/api.w.org\/{rel}","templated":true}]}}