{"id":1830,"date":"2019-03-22T07:28:01","date_gmt":"2019-03-22T07:28:01","guid":{"rendered":"https:\/\/www.leroi.de\/de\/?page_id=1830"},"modified":"2026-04-15T11:49:39","modified_gmt":"2026-04-15T11:49:39","slug":"das-leroi-team","status":"publish","type":"page","link":"https:\/\/www.leroi.de\/?page_id=1830","title":{"rendered":"Das Leroi Team"},"content":{"rendered":"<p>[et_pb_section fb_built=&#8220;1&#8243; admin_label=&#8220;section&#8220; _builder_version=&#8220;3.0.47&#8243;][et_pb_row admin_label=&#8220;row&#8220; _builder_version=&#8220;3.0.47&#8243; background_size=&#8220;initial&#8220; background_position=&#8220;top_left&#8220; background_repeat=&#8220;repeat&#8220;][et_pb_column type=&#8220;4_4&#8243; _builder_version=&#8220;3.0.47&#8243; parallax=&#8220;off&#8220; parallax_method=&#8220;on&#8220;][et_pb_text admin_label=&#8220;Text&#8220; _builder_version=&#8220;3.4&#8243; background_size=&#8220;initial&#8220; background_position=&#8220;top_left&#8220; background_repeat=&#8220;repeat&#8220;] [\/et_pb_text][\/et_pb_column][\/et_pb_row][et_pb_row _builder_version=&#8220;3.4&#8243;][et_pb_column type=&#8220;4_4&#8243; _builder_version=&#8220;3.4&#8243; parallax=&#8220;off&#8220; parallax_method=&#8220;on&#8220;][et_pb_text _builder_version=&#8220;3.4&#8243;]<\/p>\n<h1><strong>Ansprechpartner bei der Leroi GmbH<\/strong><\/h1>\n<p>[\/et_pb_text][\/et_pb_column][\/et_pb_row][et_pb_row _builder_version=&#8220;3.4&#8243;][et_pb_column type=&#8220;1_2&#8243; _builder_version=&#8220;3.4&#8243; parallax=&#8220;off&#8220; parallax_method=&#8220;on&#8220;][et_pb_accordion icon_color=&#8220;#afcb37&#8243; _builder_version=&#8220;3.4&#8243; body_font=&#8220;||||||||&#8220;][et_pb_accordion_item title=&#8220;Unsichtbarer Tab&#8220; open=&#8220;off&#8220; _builder_version=&#8220;3.4&#8243; title_text_shadow_horizontal_length=&#8220;0em&#8220; title_text_shadow_vertical_length=&#8220;0em&#8220; title_text_shadow_blur_strength=&#8220;0em&#8220; body_text_shadow_horizontal_length=&#8220;0em&#8220; body_text_shadow_vertical_length=&#8220;0em&#8220; body_text_shadow_blur_strength=&#8220;0em&#8220; border_radii=&#8220;on|2px|2px|2px|2px&#8220; border_width_all=&#8220;0px&#8220; border_style_all=&#8220;none&#8220; custom_css_before=&#8220;display:none;&#8220; custom_css_main_element=&#8220;width: 0px; height: 0px;&#8220; custom_css_toggle_title=&#8220;display:none;&#8220; custom_css_toggle=&#8220;margin-bottom: 0 !important;&#8220;][\/et_pb_accordion_item][et_pb_accordion_item title=&#8220;Florian K\u00f6nig &#8211; Inhaber\/Gesch\u00e4ftsf\u00fchrer&#8220; open=&#8220;off&#8220; _builder_version=&#8220;3.4&#8243; title_text_shadow_horizontal_length=&#8220;0em&#8220; title_text_shadow_vertical_length=&#8220;0em&#8220; title_text_shadow_blur_strength=&#8220;0em&#8220; body_text_shadow_horizontal_length=&#8220;0em&#8220; body_text_shadow_vertical_length=&#8220;0em&#8220; body_text_shadow_blur_strength=&#8220;0em&#8220; box_shadow_style=&#8220;preset2&#8243;]Florian K\u00f6nig ist einer der Gesch\u00e4ftsf\u00fchrer der Leroi GmbH und tr\u00e4gt mit seinem breitgef\u00e4cherten Wissen rund um das Thema Hund einen sehr gro\u00dfen Teil zur stetigen Weiterentwicklung der Leroi GmbH bei. Seine Affinit\u00e4t f\u00fcr Technik gepaar mit der hohen Kreativit\u00e4t sorgt f\u00fcr den &#8222;frischen&#8220; Wind im Unternehmen.<\/p>\n<p><a href=\"https:\/\/www.facebook.com\/florian.konig.3\/about\" target=\"_blank\" rel=\"noopener noreferrer\"><img loading=\"lazy\" decoding=\"async\" class=\"wp-image-1849 alignnone size-full\" src=\"https:\/\/www.leroi.de\/wp-content\/uploads\/2019\/03\/Facebook-Button_Shop_klein34px.png\" alt=\"\" width=\"34\" height=\"34\" \/><\/a><\/p>\n<p><img loading=\"lazy\" decoding=\"async\" class=\"wp-image-1813 alignnone size-medium\" src=\"https:\/\/www.leroi.de\/wp-content\/uploads\/2020\/09\/Florian.jpg\" alt=\"\" width=\"285\" height=\"300\" \/>[\/et_pb_accordion_item][et_pb_accordion_item title=&#8220; Olaf K\u00f6nig &#8211; Inhaber\/Gesch\u00e4ftsf\u00fchrer&#8220; open=&#8220;off&#8220; _builder_version=&#8220;3.4&#8243; title_text_shadow_horizontal_length=&#8220;0em&#8220; title_text_shadow_vertical_length=&#8220;0em&#8220; title_text_shadow_blur_strength=&#8220;0em&#8220; body_text_shadow_horizontal_length=&#8220;0em&#8220; body_text_shadow_vertical_length=&#8220;0em&#8220; body_text_shadow_blur_strength=&#8220;0em&#8220; box_shadow_style=&#8220;preset2&#8243;]Olaf K\u00f6nig ist der zweite Gesch\u00e4ftsf\u00fchrer der Leroi GmbH. Er ist f\u00fcr die betriebswirtschaftliche Seite der Unternehmensf\u00fchrung zust\u00e4ndig.<\/p>\n<p><a href=\"https:\/\/www.facebook.com\/olaf.koenig.75\" target=\"_blank\" rel=\"noopener noreferrer\"><img loading=\"lazy\" decoding=\"async\" class=\"wp-image-1849 alignnone size-full\" src=\"https:\/\/www.leroi.de\/wp-content\/uploads\/2019\/03\/Facebook-Button_Shop_klein34px.png\" alt=\"\" width=\"34\" height=\"34\" \/><\/a><\/p>\n<p><img loading=\"lazy\" decoding=\"async\" class=\"wp-image-1813 alignnone size-medium\" src=\"https:\/\/www.leroi.de\/wp-content\/uploads\/2019\/03\/Olaf-285x300.jpg\" alt=\"\" width=\"285\" height=\"300\" srcset=\"https:\/\/www.leroi.de\/wp-content\/uploads\/2019\/03\/Olaf-285x300.jpg 285w, https:\/\/www.leroi.de\/wp-content\/uploads\/2019\/03\/Olaf.jpg 652w\" sizes=\"auto, (max-width: 285px) 100vw, 285px\" \/>[\/et_pb_accordion_item][et_pb_accordion_item title=&#8220;Lisa H. &#8211; Leiter Finanzbuchhaltung &#038; Personal&#8220; open=&#8220;on&#8220; _builder_version=&#8220;3.4&#8243; title_text_shadow_horizontal_length=&#8220;0em&#8220; title_text_shadow_vertical_length=&#8220;0em&#8220; title_text_shadow_blur_strength=&#8220;0em&#8220; body_text_shadow_horizontal_length=&#8220;0em&#8220; body_text_shadow_vertical_length=&#8220;0em&#8220; body_text_shadow_blur_strength=&#8220;0em&#8220; box_shadow_style=&#8220;preset2&#8243;]Lisa ist schon seit vielen Jahren bei der Leroi GmbH besch\u00e4ftigt und leitet die Finanzbuchhaltung sowie das Personalwesen.[\/et_pb_accordion_item][\/et_pb_accordion][\/et_pb_column][et_pb_column type=&#8220;1_2&#8243; _builder_version=&#8220;3.4&#8243; parallax=&#8220;off&#8220; parallax_method=&#8220;on&#8220;][et_pb_accordion icon_color=&#8220;#afcb37&#8243; _builder_version=&#8220;3.4&#8243; toggle_font=&#8220;||||||||&#8220;][et_pb_accordion_item title=&#8220;Unsichtbarer Tab&#8220; open=&#8220;on&#8220; _builder_version=&#8220;3.4&#8243; title_text_shadow_horizontal_length=&#8220;0em&#8220; title_text_shadow_vertical_length=&#8220;0em&#8220; title_text_shadow_blur_strength=&#8220;0em&#8220; body_text_shadow_horizontal_length=&#8220;0em&#8220; body_text_shadow_vertical_length=&#8220;0em&#8220; body_text_shadow_blur_strength=&#8220;0em&#8220; border_width_all=&#8220;0px&#8220; border_style_all=&#8220;none&#8220; max_width=&#8220;0%&#8220; custom_css_main_element=&#8220;width: 0px; height: 0px||&#8220; custom_css_toggle_title=&#8220;display:none;&#8220; custom_css_toggle=&#8220;margin-bottom: 0 !important;&#8220;][\/et_pb_accordion_item][et_pb_accordion_item title=&#8220;Eugen Kasatkin &#8211; Leiter Einkauf&#8220; open=&#8220;off&#8220; _builder_version=&#8220;3.4&#8243; title_text_shadow_horizontal_length=&#8220;0em&#8220; title_text_shadow_vertical_length=&#8220;0em&#8220; title_text_shadow_blur_strength=&#8220;0em&#8220; body_text_shadow_horizontal_length=&#8220;0em&#8220; body_text_shadow_vertical_length=&#8220;0em&#8220; body_text_shadow_blur_strength=&#8220;0em&#8220; box_shadow_style=&#8220;preset2&#8243;]Eugen Kasatkin hat schon seine Berufsausbildung bei der Leroi GmbH absolviert und ist somit mit allen Prozessen innerhalb der Unternehmens bestens vertraut. Als Leiter im Einkauf sorgt er f\u00fcr eine optimale Bedarfsplanung und sichert die Qualit\u00e4tsstandards der Leroi GmbH.<\/p>\n<p><img loading=\"lazy\" decoding=\"async\" class=\"wp-image-1814 alignnone size-medium\" src=\"https:\/\/www.leroi.de\/wp-content\/uploads\/2019\/03\/Eugen-284x300.jpg\" alt=\"\" width=\"284\" height=\"300\" srcset=\"https:\/\/www.leroi.de\/wp-content\/uploads\/2019\/03\/Eugen-284x300.jpg 284w, https:\/\/www.leroi.de\/wp-content\/uploads\/2019\/03\/Eugen.jpg 652w\" sizes=\"auto, (max-width: 284px) 100vw, 284px\" \/>[\/et_pb_accordion_item][et_pb_accordion_item title=&#8220;Nadine Altner &#8211; Leiterin Marketing&#8220; open=&#8220;off&#8220; _builder_version=&#8220;3.4&#8243; title_text_shadow_horizontal_length=&#8220;0em&#8220; title_text_shadow_vertical_length=&#8220;0em&#8220; title_text_shadow_blur_strength=&#8220;0em&#8220; body_text_shadow_horizontal_length=&#8220;0em&#8220; body_text_shadow_vertical_length=&#8220;0em&#8220; body_text_shadow_blur_strength=&#8220;0em&#8220; box_shadow_style=&#8220;preset2&#8243;]Nadine Altner ist seit Anfang 2018 bei der Leroi GmbH besch\u00e4ftigt und hat mit ihrem Team das Marketing strategisch aufgebaut. Sie sorgt unter anderem f\u00fcr den repr\u00e4sentativen Au\u00dfenauftritt der Leroi GmbH und die passenden Werbestrategien.<\/p>\n<p><a href=\"https:\/\/www.facebook.com\/nadine.vonleroi.5\"><img loading=\"lazy\" decoding=\"async\" class=\"wp-image-1849 alignnone size-full\" src=\"https:\/\/www.leroi.de\/wp-content\/uploads\/2019\/03\/Facebook-Button_Shop_klein34px.png\" alt=\"\" width=\"34\" height=\"34\" \/><\/a><a href=\"https:\/\/www.xing.com\/profile\/Nadine_Altner\/cv\" target=\"_blank\" rel=\"noopener noreferrer\"> <img loading=\"lazy\" decoding=\"async\" class=\"wp-image-1850 alignnone size-full\" src=\"https:\/\/www.leroi.de\/wp-content\/uploads\/2019\/03\/LOGO_XING_klein34px.png\" alt=\"\" width=\"34\" height=\"34\" \/><\/a><\/p>\n<p><img loading=\"lazy\" decoding=\"async\" class=\"wp-image-1820 alignnone size-medium\" src=\"https:\/\/www.leroi.de\/wp-content\/uploads\/2019\/03\/Nadine-300x300.jpg\" alt=\"\" width=\"300\" height=\"300\" srcset=\"https:\/\/www.leroi.de\/wp-content\/uploads\/2019\/03\/Nadine-300x300.jpg 300w, https:\/\/www.leroi.de\/wp-content\/uploads\/2019\/03\/Nadine-150x150.jpg 150w, https:\/\/www.leroi.de\/wp-content\/uploads\/2019\/03\/Nadine-768x768.jpg 768w, https:\/\/www.leroi.de\/wp-content\/uploads\/2019\/03\/Nadine-1024x1024.jpg 1024w, https:\/\/www.leroi.de\/wp-content\/uploads\/2019\/03\/Nadine-1080x1080.jpg 1080w, https:\/\/www.leroi.de\/wp-content\/uploads\/2019\/03\/Nadine.jpg 1885w\" sizes=\"auto, (max-width: 300px) 100vw, 300px\" \/>[\/et_pb_accordion_item][et_pb_accordion_item title=&#8220;Constanze R\u00e4hse &#8211; Redakteurin&#8220; open=&#8220;off&#8220; _builder_version=&#8220;3.4&#8243; title_text_shadow_horizontal_length=&#8220;0em&#8220; title_text_shadow_vertical_length=&#8220;0em&#8220; title_text_shadow_blur_strength=&#8220;0em&#8220; body_text_shadow_horizontal_length=&#8220;0em&#8220; body_text_shadow_vertical_length=&#8220;0em&#8220; body_text_shadow_blur_strength=&#8220;0em&#8220; box_shadow_style=&#8220;preset2&#8243;]Constanze R\u00e4hse ist die Hundesportexpertin der Firma. Sie hat jahrelang selbst Hundesport betrieben und ist zudem aktive Fotografin. Constanze f\u00fchrt das Sporthund Magazin, den Blog und versorgt das Marketing mit Hundesportbildern.<\/p>\n<p><img loading=\"lazy\" decoding=\"async\" class=\"wp-image-1922 alignnone size-full\" src=\"https:\/\/www.leroi.de\/wp-content\/uploads\/2019\/06\/Constanze.jpg\" alt=\"\" width=\"350\" height=\"350\" \/>[\/et_pb_accordion_item][\/et_pb_accordion][\/et_pb_column][\/et_pb_row][\/et_pb_section]<\/p>\n","protected":false},"excerpt":{"rendered":"<p>[et_pb_section fb_built=&#8220;1&#8243; admin_label=&#8220;section&#8220; _builder_version=&#8220;3.0.47&#8243;][et_pb_row admin_label=&#8220;row&#8220; _builder_version=&#8220;3.0.47&#8243; background_size=&#8220;initial&#8220; background_position=&#8220;top_left&#8220; background_repeat=&#8220;repeat&#8220;][et_pb_column type=&#8220;4_4&#8243; _builder_version=&#8220;3.0.47&#8243; parallax=&#8220;off&#8220; parallax_method=&#8220;on&#8220;][et_pb_text admin_label=&#8220;Text&#8220; _builder_version=&#8220;3.4&#8243; background_size=&#8220;initial&#8220; background_position=&#8220;top_left&#8220; background_repeat=&#8220;repeat&#8220;] [\/et_pb_text][\/et_pb_column][\/et_pb_row][et_pb_row _builder_version=&#8220;3.4&#8243;][et_pb_column type=&#8220;4_4&#8243; _builder_version=&#8220;3.4&#8243; parallax=&#8220;off&#8220; parallax_method=&#8220;on&#8220;][et_pb_text _builder_version=&#8220;3.4&#8243;] Ansprechpartner bei der Leroi GmbH [\/et_pb_text][\/et_pb_column][\/et_pb_row][et_pb_row _builder_version=&#8220;3.4&#8243;][et_pb_column type=&#8220;1_2&#8243; _builder_version=&#8220;3.4&#8243; parallax=&#8220;off&#8220; parallax_method=&#8220;on&#8220;][et_pb_accordion icon_color=&#8220;#afcb37&#8243; _builder_version=&#8220;3.4&#8243; body_font=&#8220;||||||||&#8220;][et_pb_accordion_item title=&#8220;Unsichtbarer Tab&#8220; open=&#8220;off&#8220; _builder_version=&#8220;3.4&#8243; title_text_shadow_horizontal_length=&#8220;0em&#8220; title_text_shadow_vertical_length=&#8220;0em&#8220; title_text_shadow_blur_strength=&#8220;0em&#8220; body_text_shadow_horizontal_length=&#8220;0em&#8220; body_text_shadow_vertical_length=&#8220;0em&#8220; body_text_shadow_blur_strength=&#8220;0em&#8220; border_radii=&#8220;on|2px|2px|2px|2px&#8220; border_width_all=&#8220;0px&#8220; border_style_all=&#8220;none&#8220; custom_css_before=&#8220;display:none;&#8220; custom_css_main_element=&#8220;width: 0px; [&hellip;]<\/p>\n","protected":false},"author":1,"featured_media":0,"parent":0,"menu_order":0,"comment_status":"closed","ping_status":"closed","template":"","meta":{"footnotes":""},"class_list":["post-1830","page","type-page","status-publish","hentry"],"_links":{"self":[{"href":"https:\/\/www.leroi.de\/index.php?rest_route=\/wp\/v2\/pages\/1830","targetHints":{"allow":["GET"]}}],"collection":[{"href":"https:\/\/www.leroi.de\/index.php?rest_route=\/wp\/v2\/pages"}],"about":[{"href":"https:\/\/www.leroi.de\/index.php?rest_route=\/wp\/v2\/types\/page"}],"author":[{"embeddable":true,"href":"https:\/\/www.leroi.de\/index.php?rest_route=\/wp\/v2\/users\/1"}],"replies":[{"embeddable":true,"href":"https:\/\/www.leroi.de\/index.php?rest_route=%2Fwp%2Fv2%2Fcomments&post=1830"}],"version-history":[{"count":43,"href":"https:\/\/www.leroi.de\/index.php?rest_route=\/wp\/v2\/pages\/1830\/revisions"}],"predecessor-version":[{"id":2040,"href":"https:\/\/www.leroi.de\/index.php?rest_route=\/wp\/v2\/pages\/1830\/revisions\/2040"}],"wp:attachment":[{"href":"https:\/\/www.leroi.de\/index.php?rest_route=%2Fwp%2Fv2%2Fmedia&parent=1830"}],"curies":[{"name":"wp","href":"https:\/\/api.w.org\/{rel}","templated":true}]}}